 - -5). Suppose -3*i - 10 = -34. List the prime factors of -3 + w + i/1.
7
Suppose -5*a = -19 - 6. Suppose a*n = n + 104. What are the prime factors of n?
2, 13
List the prime factors of (50/2)/(((-48)/(-6))/72).
3, 5
Suppose 21 = 3*c - 90. What are the prime factors of c?
37
What are the prime factors of 5/((-20)/12) - (1 + -187)?
3, 61
Let f be (-2)/(-7) + (-65)/7. Let l be (1 - -2)/(f/(-6)). Suppose 0 = -3*x + 4*k + 20 - 5, -l*x + 10 = -2*k. What are the prime factors of x?
5
Suppose -m + 62 = -6. List the prime factors of m.
2, 17
Let b(o) = 16*o + 1 - 1. Let l be b(4). List the prime factors of (-16)/40 - l/(-10).
2, 3
Let b = -4 - -4. Let n = 3 - b. Suppose -l = -n - 5. List the prime factors of l.
2
Let w = 10 - 8. Suppose -3*y + 71 = 3*n - 7*n, -w*n + 24 = 2*y. List the prime factors of y.
17
Suppose 0 = -3*p + 6*p + 12. Let l = p - -11. List the prime factors of l.
7
Let c = 140 - 70. List the prime factors of c.
2, 5, 7
Suppose 2*k - 4*d = 3*k - 16, 1 = -2*k + 3*d. Suppose 2*z - 5*c - 23 = 0, -z + k*c = -0*c - 10. What are the prime factors of z?
2, 7
Suppose 2*a + 2*b + b - 111 = 0, -57 = -a - 3*b. What are the prime factors of a?
2, 3
Let c(z) = z**2 + 7*z - 5. Let f be c(-8). Suppose a = f*a. Suppose 5*q - 60 = -a*q. List the prime factors of q.
2, 3
Suppose 3*m - 40 - 26 = 0. List the prime factors of m.
2, 11
Let s(d) = 4*d**2 - 2*d - 1. What are the prime factors of s(2)?
11
Let y be 73/5 - (-16)/40. Suppose 3*z = q + y, 0*q + 4*q = z + 6. What are the prime factors of z?
2, 3
Let v(r) be the second derivative of -r**3/3 - 7*r**2/2 + 5*r. What are the prime factors of v(-14)?
3, 7
Let i be (5 - 5)*(-1)/2. Suppose i = -s - 2*a + a + 6, 0 = -s + a + 2. What are the prime factors of s?
2
Let n(o) = o**3 - 10*o**2 - 7*o. What are the prime factors of n(11)?
2, 11
Suppose 0 = 2*c + c, -4*w + 4*c = 40. Let q(o) = o**2 + 10*o + 2. Let f be q(w). Suppose -4*t = -2*p - 42, 0 = f*t - 4*p - 12. List the prime factors of t.
2, 3
Suppose 2*v + 21 = 181. What are the prime factors of v?
2, 5
Suppose -2*j + 6 = -3*s - 14, -2*s + 3 = j. List the prime factors of j.
7
Suppose 0 = -2*c - c. Let h = c - -3. What are the prime factors of h?
3
Let q(u) = -u + 44. What are the prime factors of q(-20)?
2
Suppose -4*o = -44 - 100. List the prime factors of o.
2, 3
Suppose -62 = -4*i - g, -i + 5*g + 7 = g. Suppose -c = -6*c + i. Suppose -c*v + 15 = -27. List the prime factors of v.
2, 7
What are the prime factors of 0 - (-5)/(20/124)?
31
Suppose 0 = 4*y - 141 + 5. What are the prime factors of y?
2, 17
List the prime factors of (-15)/((-105)/24 + 4).
2, 5
Suppose 2*o - 2 - 12 = -4*r, 3*o - 5 = 2*r. Suppose -3*y + 5*l = -145, 3*l - 43 = -y + r*l. List the prime factors of y.
3, 5
Let q = 12 - 0. What are the prime factors of q?
2, 3
Let r(n) = 5*n**2 - 5*n - 2. Let b be r(6). Suppose -4*a = -108 - b. Let u = a + -45. List the prime factors of u.
19
Let c(a) = -a**3 - 15*a**2 - 21*a - 13. What are the prime factors of c(-14)?
5, 17
Let x(r) = 4*r - 2. Suppose 3*d - 4*w - 3 = 0, 4*d = w - 2 + 19. Let p be x(d). What are the prime factors of ((-4)/(-3))/(2/p)?
2, 3
What are the prime factors of (-15)/45 - (-614)/6?
2, 3, 17
Suppose 2*k - j - 31 - 146 = 0, k = -4*j + 66. List the prime factors of k.
2, 43
Suppose k = -0*k - 1. What are the prime factors of (-5)/(-2)*(5 - k)?
3, 5
Suppose -2*q = -3*m - 91, -2*m - 90 = m - 3*q. Let v = m - -54. Let b = -15 + v. What are the prime factors of b?
2
List the prime factors of (-1280)/(-48) - 4/6.
2, 13
Let k = -167 + 305. What are the prime factors of k?
2, 3, 23
Let l = 157 + -99. What are the prime factors of l?
2, 29
Suppose 11 + 9 = 4*h. Suppose n - h*g = 53, n + g = -g + 25. List the prime factors of n.
3, 11
Let x(u) = 2 - 4*u**2 + 5*u**2 + 0. List the prime factors of x(0).
2
Suppose 0 = -2*b + b. Suppose -5*j + 14 = 2*c - 27, -2*j - 6 = b. What are the prime factors of c?
2, 7
Let a(j) = -1. Let x(n) = -n - 30. Let l(t) = 22*a(t) - 2*x(t). List the prime factors of l(0).
2, 19
Suppose 5*r = 47 - 12. Let u(v) be the third derivative of v**4/8 + v**3/6 + 3*v**2. What are the prime factors of u(r)?
2, 11
Suppose 2*m - 5*m = -6. Let a = m + 15. What are the prime factors of a?
17
Let v(o) = o**3 - 11*o**2 + 6*o + 17. What are the prime factors of v(11)?
83
Let w(l) = -2*l**3 - 6*l**2 + 19*l + 19. Let t(a) = a**3 + 3*a**2 - 9*a - 9. Let x(v) = 13*t(v) + 6*w(v). Let n = -12 - -10. List the prime factors of x(n).
7
Suppose -2*w = 6, -3*h - w + 101 - 29 = 0. What are the prime factors of h?
5
Let c = 36 - 26. Suppose 3*z + 1 = c. List the prime factors of z.
3
Let o = 109 - 55. List the prime factors of o.
2, 3
Let g(v) = v**2 + 7*v. List the prime factors of g(-14).
2, 7
Let g = 42 - 28. List the prime factors of g.
2, 7
Let k be (-84)/14*2/(-3). Suppose -k*i - 4*q + 10 + 78 = 0, -46 = -3*i + 2*q. List the prime factors of i.
2, 3
Let d(w) = w - 3. Let i be d(4). Let l = i - 1. Let g = 4 - l. List the prime factors of g.
2
Suppose 5*h - 39 = 286. What are the prime factors of h?
5, 13
Let k = -12 + 44. List the prime factors of k.
2
Let y be (-42)/(-7)*(-2)/(-6). List the prime factors of (-7 - -2)/((-2)/y).
5
Let b(v) = -4*v + 8. Let q(w) = -3*w**2 + 1. Let g be q(-1). Let k(f) = 21*f - 41. Let y(o) = g*k(o) - 11*b(o). List the prime factors of y(4).
2
Let u(x) = 1. Let v(c) = -3*c - 2. Let i(a) = -6*u(a) - 2*v(a). What are the prime factors of i(2)?
2, 5
Let f(t) = 0*t + 2*t + 2*t + 9 - 6*t. List the prime factors of f(-8).
5
Suppose -m + 76 + 119 = -5*y, 0 = 4*m + 4*y - 684. Suppose -2*b - 3*d = -d - 64, 2*d = -5*b + m. List the prime factors of b.
37
Let i = 12 + -7. Suppose g = -q + 1, -i*g - 4*q + 0 + 7 = 0. What are the prime factors of g?
3
Suppose -4*v = -3*h + 15, 0*h - 3*h - 12 = 5*v. Let l = 1 + v. What are the prime factors of (l/(-3))/((-2)/(-6))?
2
Let j = 9 + -5. Suppose 3*u + 113 = 4*h, 5*h = -j*u + 136 + 44. List the prime factors of (-30)/(-4)*h/20.
2, 3
Suppose -a + 4*r + 22 = 2*a, 10 = a - 2*r. Let h(f) = 5*f**2 + f - 1. Let z be h(-1). What are the prime factors of a/(-2)*(-21)/z?
7
Let y = -45 - -76. List the prime factors of y.
31
Let p = -29 - -96. List the prime factors of p.
67
Let d = -114 + 170. What are the prime factors of d?
2, 7
Let r(q) = 2*q**2 - 10*q - 25. List the prime factors of r(-4).
47
Let c be (-2)/(-9) - 498/54. Let d = 17 + c. Suppose 3*o - o = d. What are the prime factors of o?
2
Let c(z) = -z**2 - 12*z - 10. Let a = -5 + -4. List the prime factors of c(a).
17
Let j be ((-27)/6)/((-2)/4). Let o = j + -7. List the prime factors of o.
2
Let v = 135 - 70. List the prime factors of v.
5, 13
Let w = 3 - 1. Suppose 0 = -2*h + 3*h - w. List the prime factors of h.
2
Let w be 2/(-7) - 161/(-49). Suppose 4*v - w*d - 33 = 0, 5*v + 3*d - 2*d - 27 = 0. List the prime factors of v.
2, 3
Let p(o) = o**2 - 10. What are the prime factors of p(-10)?
2, 3, 5
Let o(g) = -g**2 + g + 30. List the prime factors of o(0).
2, 3, 5
Let h(f) = -3*f + 7. Let j be h(5). Let k = j - -16. List the prime factors of k.
2
Suppose -4*u - 6 = -3*v, u = 4*v - 2*u - 15. Suppose -2*h + 0 + v = -2*g, -4*h + 3*g = -17. What are the prime factors of h?
2
Let c = -6 - -4. Let d be -2*-2*c/8. What are the prime factors of 275/20 + d/(-4)?
2, 7
Suppose i + 4*b + 10 = b, 3*i - 5*b = 40. Suppose 0*x = -x. Suppose x = 5*m + 2*p - 56, -4*m + 42 - i = -p. List the prime factors of m.
2, 5
What are the prime factors of ((-348)/(-10))/(36/120)?
2, 29
Let j(y) = y + 93. What are the prime factors of j(0)?
3, 31
Let q be 1/(((-5)/(-6))/5). Let s(o) = -o**3 - 13*o**2 + 14*o + 1. Let y be s(-14). Let h = q + y. List the prime factors of h.
7
Let q(v) = -v. Let f be q(-3). Suppose -2*x - 19 = 5*d, 3*x - d = f*d + 29. Suppose t - 18 = -2*j, -3*t + 45 = -0*t - x*j. What are the prime factors of t?
2
Let y(x) = 12*x**3 + 5*x - 5. List the prime factors of y(2).
101
Suppose 0 = 4*p - m - 133, 3*m = 5*p - 71 - 90. Let w = 19 - p. List the prime factors of 2/6 - 145/w.
2, 5
Let x(o) = 24*o**2 - 3*o + 3. Let a be x(2). Suppose -7 = -2*m + a. What are the prime factors of m?
2, 5
Let t(s) = s. Let g be t(-5). Let n = g + 8. Suppose n*i - 7*i + 44 = 0. What are the prime factors of i?
11
Suppose -3*b - 4 = x + 2, 4*x - 2*b - 1